{"id":647,"date":"2022-08-31T13:51:20","date_gmt":"2022-08-31T11:51:20","guid":{"rendered":"https:\/\/www.sofforsangar.se\/?post_type=product&#038;p=647"},"modified":"2023-02-26T20:36:27","modified_gmt":"2023-02-26T18:36:27","slug":"adria-baddsoffa-2-sits","status":"publish","type":"product","link":"https:\/\/www.sofforsangar.se\/dk\/vare\/adria-baddsoffa-2-sits\/","title":{"rendered":"Adria sovesofa lille"},"content":{"rendered":"<p>Adria er en fantastisk sofa, hvor du har en sk\u00f8n side komfort om dagen, og p\u00e5 2 sekunder har du en seng. Mange forskellige st\u00f8rrelser.<\/p>\n<p>Leveringstid: 8-10 uger<\/p>\n<p><strong>M\u00e5l\/v\u00e6gt<br \/>\n<\/strong>L: 178 cm<br \/>\nD: 96 cm<br \/>\nH: 86 cm<br \/>\nSide h\u00f8jde: 48 cm<br \/>\nSide dybde: 58 cm<br \/>\nArml\u00e6n: 6 cm<br \/>\nLiggem\u00e5l: 195x140 cm<br \/>\nV\u00e6gt 114 kg<\/p>\n<p><strong>Materiale og farve:<\/strong><strong>:<br \/>\n<\/strong>Mina Blue\nMartindale: 45000\nPilling: 5\nMaskinvask 30 grader<\/p>\n<p>Adria sofa serien findes i et v\u00e6lg af farver og materialer.<\/p>\n<p><strong>Lidt fakta:<\/strong><br \/>\nAdria produceres af Bellus.<br \/>\nS\u00e6de hynderne er af koldskum og ERX skum, med en top af fiber.<br \/>\nRyg: Koldskum 25 kg og fiber.<br \/>\nRammen p\u00e5 sofaen er massiv tr\u00e6.<br \/>\nDenne sofa kan f\u00e5es med forskellige st\u00f8rrelser af arml\u00e6n.<br \/>\nMadrasser findes som standart i bonell fjeder.<\/p>\n<p><strong>Vedligeholdelses r\u00e5d<\/strong><br \/>\nAdrian leveres i 2 stk kolli.<\/p>\n<p>Vi anbefaler at tilk\u00f8be vores plejeserie.\u00a0<a href=\"https:\/\/www.sofforsangar.se\/dk\/vare\/textilvard-textile-clean-protect\/\">Plejeserie<\/a>\u00a0for en l\u00e6nger levetid.<\/p>\n<h3>Fandt du ikke lige det du s\u00f8gte.<\/h3>\n<p>Vores butik i centrale Malm\u00f8, byder p\u00e5 masser af inspiration. Her har vi 1000 kvm med sk\u00f8nne m\u00f8bler. Ring eller mail s\u00e5 hj\u00e6lper vi dig.\n0046 40 13 99 11.<\/p>","protected":false},"excerpt":{"rendered":"<p>Sofaen der passer i de fleste hjem.<\/p>","protected":false},"featured_media":648,"comment_status":"open","ping_status":"closed","template":"","meta":{"_acf_changed":false},"product_brand":[],"product_cat":[52,34],"product_tag":[],"class_list":{"0":"post-647","1":"product","2":"type-product","3":"status-publish","4":"has-post-thumbnail","6":"product_cat-baddsoffa","7":"product_cat-huvudkategori-soffor","8":"product_shipping_class-stora-mobler","10":"first","11":"instock","12":"taxable","13":"shipping-taxable","14":"purchasable","15":"product-type-simple"},"acf":[],"_links":{"self":[{"href":"https:\/\/www.sofforsangar.se\/dk\/wp-json\/wp\/v2\/product\/647","targetHints":{"allow":["GET"]}}],"collection":[{"href":"https:\/\/www.sofforsangar.se\/dk\/wp-json\/wp\/v2\/product"}],"about":[{"href":"https:\/\/www.sofforsangar.se\/dk\/wp-json\/wp\/v2\/types\/product"}],"replies":[{"embeddable":true,"href":"https:\/\/www.sofforsangar.se\/dk\/wp-json\/wp\/v2\/comments?post=647"}],"wp:featuredmedia":[{"embeddable":true,"href":"https:\/\/www.sofforsangar.se\/dk\/wp-json\/wp\/v2\/media\/648"}],"wp:attachment":[{"href":"https:\/\/www.sofforsangar.se\/dk\/wp-json\/wp\/v2\/media?parent=647"}],"wp:term":[{"taxonomy":"product_brand","embeddable":true,"href":"https:\/\/www.sofforsangar.se\/dk\/wp-json\/wp\/v2\/product_brand?post=647"},{"taxonomy":"product_cat","embeddable":true,"href":"https:\/\/www.sofforsangar.se\/dk\/wp-json\/wp\/v2\/product_cat?post=647"},{"taxonomy":"product_tag","embeddable":true,"href":"https:\/\/www.sofforsangar.se\/dk\/wp-json\/wp\/v2\/product_tag?post=647"}],"curies":[{"name":"wp","href":"https:\/\/api.w.org\/{rel}","templated":true}]}}

<p>Adria er en fantastisk sofa, hvor du har en skøn side komfort om dagen, og på 2 sekunder har du en seng. Mange forskellige størrelser.</p>
<p>Leveringstid: 8-10 uger</p>
<p><strong>Mål/vægt<br />
</strong>L: 178 cm<br />
D: 96 cm<br />
H: 86 cm<br />
Side højde: 48 cm<br />
Side dybde: 58 cm<br />
Armlæn: 6 cm<br />
Liggemål: 195x140 cm<br />
Vægt 114 kg</p>
<p><strong>Materiale og farve:</strong><strong>:<br />
</strong>Mina Blue
Martindale: 45000
Pilling: 5
Maskinvask 30 grader</p>
<p>Adria sofa serien findes i et vælg af farver og materialer.</p>
<p><strong>Lidt fakta:</strong><br />
Adria produceres af Bellus.<br />
Sæde hynderne er af koldskum og ERX skum, med en top af fiber.<br />
Ryg: Koldskum 25 kg og fiber.<br />
Rammen på sofaen er massiv træ.<br />
Denne sofa kan fåes med forskellige størrelser af armlæn.<br />
Madrasser findes som standart i bonell fjeder.</p>
<p><strong>Vedligeholdelses råd</strong><br />
Adrian leveres i 2 stk kolli.</p>
<p>Vi anbefaler at tilkøbe vores plejeserie. <a href="https://www.sofforsangar.se/dk/vare/textilvard-textile-clean-protect/">Plejeserie</a> for en længer levetid.</p>
<h3>Fandt du ikke lige det du søgte.</h3>
<p>Vores butik i centrale Malmø, byder på masser af inspiration. Her har vi 1000 kvm med skønne møbler. Ring eller mail så hjælper vi dig.
0046 40 13 99 11.</p>
