{"id":640,"date":"2022-08-31T13:32:45","date_gmt":"2022-08-31T11:32:45","guid":{"rendered":"https:\/\/www.sofforsangar.se\/?post_type=product&#038;p=640"},"modified":"2025-05-21T23:35:36","modified_gmt":"2025-05-21T21:35:36","slug":"round-35-fotpall","status":"publish","type":"product","link":"https:\/\/www.sofforsangar.se\/dk\/vare\/round-35-fotpall\/","title":{"rendered":"Round 35 puf"},"content":{"rendered":"<p>Denne runde palle er et b\u00e5de praktisk, og pynter i ethvert hjem.\nKan anvendes til at hvile f\u00f8dderne p\u00e5, efter en lang arbejdsuge. Eller som ekstra siddepladser, hvis familien kommer forbi.<\/p>\n<p>Leveringstid: 8-10 uger<\/p>\n<p><strong>M\u00e5l<br \/>\n<\/strong>Dia: 35 cm<br \/>\nH: 50 cm<br \/>\nM\u00e5lene kan variere op til 3 cm<\/p>\n<p><strong>Materiale og farve:<\/strong><strong>:<\/strong><br \/>\nJuke Havbl\u00e5 kvalitets velour.<\/p>\n<p>Findes i et v\u00e6lg af farver og materialer.<\/p>\n<p><strong>Lidt fakta:<\/strong><br \/>\nRound er fremstillet af Bellus Furniture.<\/p>\n<p>Alternativt: Round 70 cm i diameter, h\u00f8jde p\u00e5 38 cm.\nRound 35 cm i diameter, h\u00f8jde 50 cm.<\/p>\n<p>Vi anbefaler at tilk\u00f8be vores plejeserie.\u00a0<a href=\"https:\/\/www.sofforsangar.se\/dk\/vare\/textilvard-textile-clean-protect\/\">Plejeserie<\/a>\u00a0for en l\u00e6nger levetid.<\/p>\n<h3>Fandt du ikke lige det du s\u00f8gte.<\/h3>\n<p>Vores butik i centrale Malm\u00f8, byder p\u00e5 masser af inspiration. Her har vi 1000 kvm med sk\u00f8nne m\u00f8bler. Ring eller mail s\u00e5 hj\u00e6lper vi dig.\n0046 40 13 99 11.<\/p>","protected":false},"excerpt":{"rendered":"<p>I sk\u00f8n velour<\/p>","protected":false},"featured_media":641,"comment_status":"open","ping_status":"closed","template":"","meta":{"_acf_changed":false},"product_brand":[],"product_cat":[51,34],"product_tag":[],"class_list":{"0":"post-640","1":"product","2":"type-product","3":"status-publish","4":"has-post-thumbnail","6":"product_cat-fotpallar","7":"product_cat-huvudkategori-soffor","8":"product_shipping_class-stora-mobler","10":"first","11":"instock","12":"taxable","13":"shipping-taxable","14":"purchasable","15":"product-type-simple"},"acf":[],"_links":{"self":[{"href":"https:\/\/www.sofforsangar.se\/dk\/wp-json\/wp\/v2\/product\/640","targetHints":{"allow":["GET"]}}],"collection":[{"href":"https:\/\/www.sofforsangar.se\/dk\/wp-json\/wp\/v2\/product"}],"about":[{"href":"https:\/\/www.sofforsangar.se\/dk\/wp-json\/wp\/v2\/types\/product"}],"replies":[{"embeddable":true,"href":"https:\/\/www.sofforsangar.se\/dk\/wp-json\/wp\/v2\/comments?post=640"}],"wp:featuredmedia":[{"embeddable":true,"href":"https:\/\/www.sofforsangar.se\/dk\/wp-json\/wp\/v2\/media\/641"}],"wp:attachment":[{"href":"https:\/\/www.sofforsangar.se\/dk\/wp-json\/wp\/v2\/media?parent=640"}],"wp:term":[{"taxonomy":"product_brand","embeddable":true,"href":"https:\/\/www.sofforsangar.se\/dk\/wp-json\/wp\/v2\/product_brand?post=640"},{"taxonomy":"product_cat","embeddable":true,"href":"https:\/\/www.sofforsangar.se\/dk\/wp-json\/wp\/v2\/product_cat?post=640"},{"taxonomy":"product_tag","embeddable":true,"href":"https:\/\/www.sofforsangar.se\/dk\/wp-json\/wp\/v2\/product_tag?post=640"}],"curies":[{"name":"wp","href":"https:\/\/api.w.org\/{rel}","templated":true}]}}

<p>Denne runde palle er et både praktisk, og pynter i ethvert hjem.
Kan anvendes til at hvile fødderne på, efter en lang arbejdsuge. Eller som ekstra siddepladser, hvis familien kommer forbi.</p>
<p>Leveringstid: 8-10 uger</p>
<p><strong>Mål<br />
</strong>Dia: 35 cm<br />
H: 50 cm<br />
Målene kan variere op til 3 cm</p>
<p><strong>Materiale og farve:</strong><strong>:</strong><br />
Juke Havblå kvalitets velour.</p>
<p>Findes i et vælg af farver og materialer.</p>
<p><strong>Lidt fakta:</strong><br />
Round er fremstillet af Bellus Furniture.</p>
<p>Alternativt: Round 70 cm i diameter, højde på 38 cm.
Round 35 cm i diameter, højde 50 cm.</p>
<p>Vi anbefaler at tilkøbe vores plejeserie. <a href="https://www.sofforsangar.se/dk/vare/textilvard-textile-clean-protect/">Plejeserie</a> for en længer levetid.</p>
<h3>Fandt du ikke lige det du søgte.</h3>
<p>Vores butik i centrale Malmø, byder på masser af inspiration. Her har vi 1000 kvm med skønne møbler. Ring eller mail så hjælper vi dig.
0046 40 13 99 11.</p>

<p>I skøn velour</p>
