{"id":630,"date":"2022-08-31T13:15:43","date_gmt":"2022-08-31T11:15:43","guid":{"rendered":"https:\/\/www.sofforsangar.se\/?post_type=product&#038;p=630"},"modified":"2025-05-21T22:47:29","modified_gmt":"2025-05-21T20:47:29","slug":"lazy-fotpall","status":"publish","type":"product","link":"https:\/\/www.sofforsangar.se\/dk\/vare\/lazy-fotpall\/","title":{"rendered":"Lazy Puf"},"content":{"rendered":"<p>Denne  palle er et b\u00e5de praktisk, og pynter i ethvert hjem.\nKan anvendes til at hvile f\u00f8dderne p\u00e5, efter en lang arbejdsuge. Eller som ekstra siddepladser, hvis familien kommer forbi.<\/p>\n<p>Leveringstid: 8-10 uger<\/p>\n<p><strong>M\u00e5l\/v\u00e6gt<br \/>\n<\/strong>H: 45 cm<br \/>\nH: 45 cm<br \/>\nM\u00e5lene kan variere op til 3 cm<br \/>\nV\u00e6gt: 28 kg<\/p>\n<p><strong>Materiale og farve:<\/strong><strong>:<\/strong><br \/>\nJuke L\u00f8vegul kvalitets velour.<\/p>\n<p>Lazy sofa serien findes i et v\u00e6lg af farver og materialer.<\/p>\n<p><strong>Lidt fakta:<\/strong><br \/>\nLazy produceres af BELLUS<br \/>\nHynderne: 35 kg koldskum, og et top lag af dun.<br \/>\nRammen p\u00e5 sofaen er massiv tr\u00e6, og Nozag fjeder.<br \/>\nBenene er som standart 6 cm tr\u00e6, men kan ogs\u00e5 f\u00e5es i rustfrit st\u00e5l som till\u00e6g.<\/p>\n<p>Puffen findes i forskellige bredder. \n106 cm    og   126 cm<\/p>\n<p><strong>Vedligeholdelses r\u00e5d<\/strong><br \/>\nLazy fotpall kommer i 1 st kolli. Benen \u00e4r f\u00f6rmonterade p\u00e5 pallen.<\/p>\n<p>Vi anbefaler at tilk\u00f8be vores plejeserie.\u00a0<a href=\"https:\/\/www.sofforsangar.se\/dk\/vare\/textilvard-textile-clean-protect\/\">Plejeserie<\/a>\u00a0for en l\u00e6nger levetid.<\/p>\n<h3>Fandt du ikke lige det du s\u00f8gte.<\/h3>\n<p>Vores butik i centrale Malm\u00f8, byder p\u00e5 masser af inspiration. Her har vi 1000 kvm med sk\u00f8nne m\u00f8bler. Ring eller mail s\u00e5 hj\u00e6lper vi dig.\n0046 40 13 99 11.<\/p>","protected":false},"excerpt":{"rendered":"<p>Stor &amp; praktisk<\/p>","protected":false},"featured_media":631,"comment_status":"open","ping_status":"closed","template":"","meta":{"_acf_changed":false},"product_brand":[],"product_cat":[51,34],"product_tag":[],"class_list":{"0":"post-630","1":"product","2":"type-product","3":"status-publish","4":"has-post-thumbnail","6":"product_cat-fotpallar","7":"product_cat-huvudkategori-soffor","8":"product_shipping_class-stora-mobler","10":"first","11":"instock","12":"taxable","13":"shipping-taxable","14":"purchasable","15":"product-type-simple"},"acf":[],"_links":{"self":[{"href":"https:\/\/www.sofforsangar.se\/dk\/wp-json\/wp\/v2\/product\/630","targetHints":{"allow":["GET"]}}],"collection":[{"href":"https:\/\/www.sofforsangar.se\/dk\/wp-json\/wp\/v2\/product"}],"about":[{"href":"https:\/\/www.sofforsangar.se\/dk\/wp-json\/wp\/v2\/types\/product"}],"replies":[{"embeddable":true,"href":"https:\/\/www.sofforsangar.se\/dk\/wp-json\/wp\/v2\/comments?post=630"}],"wp:featuredmedia":[{"embeddable":true,"href":"https:\/\/www.sofforsangar.se\/dk\/wp-json\/wp\/v2\/media\/631"}],"wp:attachment":[{"href":"https:\/\/www.sofforsangar.se\/dk\/wp-json\/wp\/v2\/media?parent=630"}],"wp:term":[{"taxonomy":"product_brand","embeddable":true,"href":"https:\/\/www.sofforsangar.se\/dk\/wp-json\/wp\/v2\/product_brand?post=630"},{"taxonomy":"product_cat","embeddable":true,"href":"https:\/\/www.sofforsangar.se\/dk\/wp-json\/wp\/v2\/product_cat?post=630"},{"taxonomy":"product_tag","embeddable":true,"href":"https:\/\/www.sofforsangar.se\/dk\/wp-json\/wp\/v2\/product_tag?post=630"}],"curies":[{"name":"wp","href":"https:\/\/api.w.org\/{rel}","templated":true}]}}

<p>Denne  palle er et både praktisk, og pynter i ethvert hjem.
Kan anvendes til at hvile fødderne på, efter en lang arbejdsuge. Eller som ekstra siddepladser, hvis familien kommer forbi.</p>
<p>Leveringstid: 8-10 uger</p>
<p><strong>Mål/vægt<br />
</strong>H: 45 cm<br />
H: 45 cm<br />
Målene kan variere op til 3 cm<br />
Vægt: 28 kg</p>
<p><strong>Materiale og farve:</strong><strong>:</strong><br />
Juke Løvegul kvalitets velour.</p>
<p>Lazy sofa serien findes i et vælg af farver og materialer.</p>
<p><strong>Lidt fakta:</strong><br />
Lazy produceres af BELLUS<br />
Hynderne: 35 kg koldskum, og et top lag af dun.<br />
Rammen på sofaen er massiv træ, og Nozag fjeder.<br />
Benene er som standart 6 cm træ, men kan også fåes i rustfrit stål som tillæg.</p>
<p>Puffen findes i forskellige bredder. 
106 cm    og   126 cm</p>
<p><strong>Vedligeholdelses råd</strong><br />
Lazy fotpall kommer i 1 st kolli. Benen är förmonterade på pallen.</p>
<p>Vi anbefaler at tilkøbe vores plejeserie. <a href="https://www.sofforsangar.se/dk/vare/textilvard-textile-clean-protect/">Plejeserie</a> for en længer levetid.</p>
<h3>Fandt du ikke lige det du søgte.</h3>
<p>Vores butik i centrale Malmø, byder på masser af inspiration. Her har vi 1000 kvm med skønne møbler. Ring eller mail så hjælper vi dig.
0046 40 13 99 11.</p>
