{"id":532,"date":"2022-08-30T16:24:49","date_gmt":"2022-08-30T14:24:49","guid":{"rendered":"https:\/\/www.sofforsangar.se\/?post_type=product&#038;p=532"},"modified":"2023-02-26T20:26:42","modified_gmt":"2023-02-26T18:26:42","slug":"adria-3-sits-baddsoffa","status":"publish","type":"product","link":"https:\/\/www.sofforsangar.se\/dk\/vare\/adria-3-sits-baddsoffa\/","title":{"rendered":"Adria sovesofa"},"content":{"rendered":"<p>Adria er en fantastisk sofa, hvor du har en sk\u00f8n side komfort om dagen, og p\u00e5 2 sekunder har du en seng. Mange forskellige st\u00f8rrelser.<\/p>\n<p>Leveringstid: 8-10 uger<\/p>\n<p><strong>M\u00e5l\/v\u00e6gt<br \/>\n<\/strong>L: 212 cm<br \/>\nD: 96 cm<br \/>\nH: 86 cm<br \/>\nSide h\u00f8jde: 48 cm<br \/>\nSide dybde: 58 cm<br \/>\nArml\u00e6n: 13 cm<br \/>\nLiggem\u00e5l: 195x160 cm<br \/>\nV\u00e6gt 120 kg<\/p>\n<p><strong>Materiale og farve:<\/strong><strong>:<br \/>\n<\/strong>Juke lavendel l\u00e6kkert velour  (pris gruppe 5)\n100 % polyester\nMartindale: 100,000\nPeeling: 5\nLys\u00e6gthed: 4-5\n\nAnbefalet : kemisk rensning\n\nJuke er et super smukt velour stof, med en h\u00f8j slidstyrke.<\/p>\n<p>Adria sofa serien findes i et v\u00e6lg af farver og materialer.<\/p>\n<p><strong>Lidt fakta:<\/strong><br \/>\nAdria produceres af Bellus.<br \/>\nS\u00e6de hynderne er af koldskum og ERX skum, med en top af fiber.<br \/>\nRyg: Koldskum 25 kg og fiber.<br \/>\nRammen p\u00e5 sofaen er massiv tr\u00e6.<br \/>\nDenne sofa kan f\u00e5es med forskellige st\u00f8rrelser af arml\u00e6n.<br \/>\nTopmadrassen er som standart i bonell.\nMulighed for at tilk\u00f8be en madras i posefjedre.<\/p>\n<p><strong>Vedligeholdelses r\u00e5d<\/strong><br \/>\nAdrian leveres i 2 stk kolli.<\/p>\n<p>Vi anbefaler at tilk\u00f8be vores plejeserie.\u00a0<a href=\"https:\/\/www.sofforsangar.se\/dk\/vare\/textilvard-textile-clean-protect\/\">Plejeserie<\/a>\u00a0for en l\u00e6nger levetid.<\/p>\n<h3>Fandt du ikke lige det du s\u00f8gte.<\/h3>\n<p>Vores butik i centrale Malm\u00f8, byder p\u00e5 masser af inspiration. Her har vi 1000 kvm med sk\u00f8nne m\u00f8bler. Ring eller mail s\u00e5 hj\u00e6lper vi dig.\n0046 40 13 99 11.<\/p>","protected":false},"excerpt":{"rendered":"<p>Sofa om dagen seng om natten.<\/p>","protected":false},"featured_media":533,"comment_status":"open","ping_status":"closed","template":"","meta":{"_acf_changed":false},"product_brand":[],"product_cat":[52,33,34],"product_tag":[],"class_list":{"0":"post-532","1":"product","2":"type-product","3":"status-publish","4":"has-post-thumbnail","6":"product_cat-baddsoffa","7":"product_cat-sammetssoffa","8":"product_cat-huvudkategori-soffor","9":"product_shipping_class-stora-mobler","11":"first","12":"instock","13":"taxable","14":"shipping-taxable","15":"purchasable","16":"product-type-simple"},"acf":[],"_links":{"self":[{"href":"https:\/\/www.sofforsangar.se\/dk\/wp-json\/wp\/v2\/product\/532","targetHints":{"allow":["GET"]}}],"collection":[{"href":"https:\/\/www.sofforsangar.se\/dk\/wp-json\/wp\/v2\/product"}],"about":[{"href":"https:\/\/www.sofforsangar.se\/dk\/wp-json\/wp\/v2\/types\/product"}],"replies":[{"embeddable":true,"href":"https:\/\/www.sofforsangar.se\/dk\/wp-json\/wp\/v2\/comments?post=532"}],"wp:featuredmedia":[{"embeddable":true,"href":"https:\/\/www.sofforsangar.se\/dk\/wp-json\/wp\/v2\/media\/533"}],"wp:attachment":[{"href":"https:\/\/www.sofforsangar.se\/dk\/wp-json\/wp\/v2\/media?parent=532"}],"wp:term":[{"taxonomy":"product_brand","embeddable":true,"href":"https:\/\/www.sofforsangar.se\/dk\/wp-json\/wp\/v2\/product_brand?post=532"},{"taxonomy":"product_cat","embeddable":true,"href":"https:\/\/www.sofforsangar.se\/dk\/wp-json\/wp\/v2\/product_cat?post=532"},{"taxonomy":"product_tag","embeddable":true,"href":"https:\/\/www.sofforsangar.se\/dk\/wp-json\/wp\/v2\/product_tag?post=532"}],"curies":[{"name":"wp","href":"https:\/\/api.w.org\/{rel}","templated":true}]}}

<p>Adria er en fantastisk sofa, hvor du har en skøn side komfort om dagen, og på 2 sekunder har du en seng. Mange forskellige størrelser.</p>
<p>Leveringstid: 8-10 uger</p>
<p><strong>Mål/vægt<br />
</strong>L: 212 cm<br />
D: 96 cm<br />
H: 86 cm<br />
Side højde: 48 cm<br />
Side dybde: 58 cm<br />
Armlæn: 13 cm<br />
Liggemål: 195x160 cm<br />
Vægt 120 kg</p>
<p><strong>Materiale og farve:</strong><strong>:<br />
</strong>Juke lavendel lækkert velour  (pris gruppe 5)
100 % polyester
Martindale: 100,000
Peeling: 5
Lysægthed: 4-5

Anbefalet : kemisk rensning

Juke er et super smukt velour stof, med en høj slidstyrke.</p>
<p>Adria sofa serien findes i et vælg af farver og materialer.</p>
<p><strong>Lidt fakta:</strong><br />
Adria produceres af Bellus.<br />
Sæde hynderne er af koldskum og ERX skum, med en top af fiber.<br />
Ryg: Koldskum 25 kg og fiber.<br />
Rammen på sofaen er massiv træ.<br />
Denne sofa kan fåes med forskellige størrelser af armlæn.<br />
Topmadrassen er som standart i bonell.
Mulighed for at tilkøbe en madras i posefjedre.</p>
<p><strong>Vedligeholdelses råd</strong><br />
Adrian leveres i 2 stk kolli.</p>
<p>Vi anbefaler at tilkøbe vores plejeserie. <a href="https://www.sofforsangar.se/dk/vare/textilvard-textile-clean-protect/">Plejeserie</a> for en længer levetid.</p>
<h3>Fandt du ikke lige det du søgte.</h3>
<p>Vores butik i centrale Malmø, byder på masser af inspiration. Her har vi 1000 kvm med skønne møbler. Ring eller mail så hjælper vi dig.
0046 40 13 99 11.</p>
