{"id":477,"date":"2022-08-29T14:44:55","date_gmt":"2022-08-29T12:44:55","guid":{"rendered":"https:\/\/www.sofforsangar.se\/?post_type=product&#038;p=477"},"modified":"2025-05-21T23:39:04","modified_gmt":"2025-05-21T21:39:04","slug":"presley-fotpall","status":"publish","type":"product","link":"https:\/\/www.sofforsangar.se\/dk\/vare\/presley-fotpall\/","title":{"rendered":"Presley Puf"},"content":{"rendered":"<p>Vi ved at alle beh\u00f8ver lidt ekstra opbevaringsmuligheder, derfor har Bellus Furniture udviklet denne smarte puf. Den optager ikke meget plads er kun 70x60 cm.<\/p>\n<p>Leveringstid: 8-10 uger<\/p>\n<h2>Tab 2<\/h2>\n<p><strong>M\u00e5l<br \/>\n<\/strong>70&#215;60 cm<br \/>\nH: 44 cm<br \/>\nBen: 5 cm<br \/>\nM\u00e5lene kan variere op til 3 cm<br \/>\n<strong><br \/>\nMateriale og farve:<\/strong><strong>:<br \/>\n<\/strong>Bentley er vores luksuri\u00f8se stof, med h\u00f8j slidstyrke.<\/p>\n<p>Du kan v\u00e6lge mellem hele Bellus Furniture farve valg.<\/p>\n<p><strong>Lidt fakta:<br \/>\n<\/strong>Produceres af Bellus.<br \/>\nOpbevaring under s\u00e6det.<br \/>\nFremstillet i koldskum.<br \/>\nBenene er som standart 5 cm tr\u00e6, men kan ogs\u00e5 f\u00e5es i rustfrit st\u00e5l som till\u00e6g.<\/p>\n<p><strong>Vedligeholdelses r\u00e5d<\/strong><br \/>\nKommer i 1 kolli monteret og klar.<\/p>\n<p>Vi anbefaler at andvende vores plejeserie for en l\u00e6ngere holdbarhed,<\/p>\n<h3>Fandt du ikke lige det du s\u00f8gte.<\/h3>\n<p>Vores butik i centrale Malm\u00f8, byder p\u00e5 masser af inspiration. Her har vi 1000 kvm med sk\u00f8nne m\u00f8bler. Ring eller mail s\u00e5 hj\u00e6lper vi dig.\n0046 40 13 99 11.<\/p>","protected":false},"excerpt":{"rendered":"<p>Opbevarings funktion.<\/p>","protected":false},"featured_media":479,"comment_status":"open","ping_status":"closed","template":"","meta":{"_acf_changed":false},"product_brand":[],"product_cat":[51,34],"product_tag":[],"class_list":{"0":"post-477","1":"product","2":"type-product","3":"status-publish","4":"has-post-thumbnail","6":"product_cat-fotpallar","7":"product_cat-huvudkategori-soffor","8":"product_shipping_class-stora-mobler","10":"first","11":"instock","12":"taxable","13":"shipping-taxable","14":"purchasable","15":"product-type-simple"},"acf":[],"_links":{"self":[{"href":"https:\/\/www.sofforsangar.se\/dk\/wp-json\/wp\/v2\/product\/477","targetHints":{"allow":["GET"]}}],"collection":[{"href":"https:\/\/www.sofforsangar.se\/dk\/wp-json\/wp\/v2\/product"}],"about":[{"href":"https:\/\/www.sofforsangar.se\/dk\/wp-json\/wp\/v2\/types\/product"}],"replies":[{"embeddable":true,"href":"https:\/\/www.sofforsangar.se\/dk\/wp-json\/wp\/v2\/comments?post=477"}],"wp:featuredmedia":[{"embeddable":true,"href":"https:\/\/www.sofforsangar.se\/dk\/wp-json\/wp\/v2\/media\/479"}],"wp:attachment":[{"href":"https:\/\/www.sofforsangar.se\/dk\/wp-json\/wp\/v2\/media?parent=477"}],"wp:term":[{"taxonomy":"product_brand","embeddable":true,"href":"https:\/\/www.sofforsangar.se\/dk\/wp-json\/wp\/v2\/product_brand?post=477"},{"taxonomy":"product_cat","embeddable":true,"href":"https:\/\/www.sofforsangar.se\/dk\/wp-json\/wp\/v2\/product_cat?post=477"},{"taxonomy":"product_tag","embeddable":true,"href":"https:\/\/www.sofforsangar.se\/dk\/wp-json\/wp\/v2\/product_tag?post=477"}],"curies":[{"name":"wp","href":"https:\/\/api.w.org\/{rel}","templated":true}]}}

<p>Vi ved at alle behøver lidt ekstra opbevaringsmuligheder, derfor har Bellus Furniture udviklet denne smarte puf. Den optager ikke meget plads er kun 70x60 cm.</p>
<p>Leveringstid: 8-10 uger</p>
<h2>Tab 2</h2>
<p><strong>Mål<br />
</strong>70&#215;60 cm<br />
H: 44 cm<br />
Ben: 5 cm<br />
Målene kan variere op til 3 cm<br />
<strong><br />
Materiale og farve:</strong><strong>:<br />
</strong>Bentley er vores luksuriøse stof, med høj slidstyrke.</p>
<p>Du kan vælge mellem hele Bellus Furniture farve valg.</p>
<p><strong>Lidt fakta:<br />
</strong>Produceres af Bellus.<br />
Opbevaring under sædet.<br />
Fremstillet i koldskum.<br />
Benene er som standart 5 cm træ, men kan også fåes i rustfrit stål som tillæg.</p>
<p><strong>Vedligeholdelses råd</strong><br />
Kommer i 1 kolli monteret og klar.</p>
<p>Vi anbefaler at andvende vores plejeserie for en længere holdbarhed,</p>
<h3>Fandt du ikke lige det du søgte.</h3>
<p>Vores butik i centrale Malmø, byder på masser af inspiration. Her har vi 1000 kvm med skønne møbler. Ring eller mail så hjælper vi dig.
0046 40 13 99 11.</p>
