{"id":458,"date":"2022-08-27T15:17:00","date_gmt":"2022-08-27T13:17:00","guid":{"rendered":"https:\/\/www.sofforsangar.se\/?post_type=product&#038;p=458"},"modified":"2023-07-23T01:44:05","modified_gmt":"2023-07-22T23:44:05","slug":"soft-sanggavel","status":"publish","type":"product","link":"https:\/\/www.sofforsangar.se\/dk\/vare\/soft-sanggavel\/","title":{"rendered":"Soft Gavel"},"content":{"rendered":"<p><strong>Beskrivning<br \/>\n<\/strong>Soft gavel giver liv i rummet, med m\u00f8nster og knapper. Og kan selvf\u00f8lgelig f\u00e5s i en farve der matcher sengen.<\/p>\n<p>Leveringstiden er 6-8 uger<\/p>\n<p><strong>M\u00e5l<\/strong><br \/>\nHvilken st\u00f8rrelse passer dig.\n90,1,5,120,140.160,180,200  eller 210x210<br \/>\nH: 120 cm<br \/>\nTykkelse 6 cm<\/p>\n<p><strong>Stoffer og farver<\/strong><br \/>\nBl\u00f8dt og l\u00e6kkert betr\u00e6k i Orinoco 90.<\/p>\n<p>Soft gavel findes som bestillingsvare i mange andre farver.<\/p>\n<p><strong>Lidt fakta:\u00a0\u00a0<\/strong><br \/>\nSoft gavel er h\u00e5ndlavet indenfor EU.<\/p>\n<p><strong>Vedligeholdelses r\u00e5d<\/strong><br \/>\nVi anbefaler at k\u00f8be et plejekit , for at forl\u00e6nge levetiden p\u00e5 dit m\u00f8bel.<\/p>","protected":false},"excerpt":{"rendered":"<p>Beskrivning En mycket vacker och v\u00e4lgjord gavel med l\u00e4tt indragna pikeringar och f\u00f6rsedd med kl\u00e4dda knappar. Upplevs som diskret och stilren i sitt utf\u00f6rande. Praktisk att luta sig mot och \u00e4ven dekorativ detalj i sovrummet. Leveranstid: 2-6 dagar f\u00f6r s\u00e4nggavlar i bredd 160 cm. 6-8 veckor f\u00f6r \u00f6vriga bredder som \u00e4r best\u00e4llningsvara. M\u00e5tt Bredd: 90, [&hellip;]<\/p>\n","protected":false},"featured_media":2540,"comment_status":"open","ping_status":"closed","template":"","meta":{"_acf_changed":false},"product_brand":[],"product_cat":[42,50],"product_tag":[],"class_list":{"0":"post-458","1":"product","2":"type-product","3":"status-publish","4":"has-post-thumbnail","6":"product_cat-huvudkategori-sangar","7":"product_cat-sanggavlar","8":"product_shipping_class-stora-mobler","10":"first","11":"instock","12":"taxable","13":"shipping-taxable","14":"purchasable","15":"product-type-variable","16":"has-default-attributes"},"acf":[],"_links":{"self":[{"href":"https:\/\/www.sofforsangar.se\/dk\/wp-json\/wp\/v2\/product\/458","targetHints":{"allow":["GET"]}}],"collection":[{"href":"https:\/\/www.sofforsangar.se\/dk\/wp-json\/wp\/v2\/product"}],"about":[{"href":"https:\/\/www.sofforsangar.se\/dk\/wp-json\/wp\/v2\/types\/product"}],"replies":[{"embeddable":true,"href":"https:\/\/www.sofforsangar.se\/dk\/wp-json\/wp\/v2\/comments?post=458"}],"wp:featuredmedia":[{"embeddable":true,"href":"https:\/\/www.sofforsangar.se\/dk\/wp-json\/wp\/v2\/media\/2540"}],"wp:attachment":[{"href":"https:\/\/www.sofforsangar.se\/dk\/wp-json\/wp\/v2\/media?parent=458"}],"wp:term":[{"taxonomy":"product_brand","embeddable":true,"href":"https:\/\/www.sofforsangar.se\/dk\/wp-json\/wp\/v2\/product_brand?post=458"},{"taxonomy":"product_cat","embeddable":true,"href":"https:\/\/www.sofforsangar.se\/dk\/wp-json\/wp\/v2\/product_cat?post=458"},{"taxonomy":"product_tag","embeddable":true,"href":"https:\/\/www.sofforsangar.se\/dk\/wp-json\/wp\/v2\/product_tag?post=458"}],"curies":[{"name":"wp","href":"https:\/\/api.w.org\/{rel}","templated":true}]}}

<p><strong>Beskrivning<br />
</strong>Soft gavel giver liv i rummet, med mønster og knapper. Og kan selvfølgelig fås i en farve der matcher sengen.</p>
<p>Leveringstiden er 6-8 uger</p>
<p><strong>Mål</strong><br />
Hvilken størrelse passer dig.
90,1,5,120,140.160,180,200  eller 210x210<br />
H: 120 cm<br />
Tykkelse 6 cm</p>
<p><strong>Stoffer og farver</strong><br />
Blødt og lækkert betræk i Orinoco 90.</p>
<p>Soft gavel findes som bestillingsvare i mange andre farver.</p>
<p><strong>Lidt fakta:  </strong><br />
Soft gavel er håndlavet indenfor EU.</p>
<p><strong>Vedligeholdelses råd</strong><br />
Vi anbefaler at købe et plejekit , for at forlænge levetiden på dit møbel.</p>

<p>Beskrivning En mycket vacker och välgjord gavel med lätt indragna pikeringar och försedd med klädda knappar. Upplevs som diskret och stilren i sitt utförande. Praktisk att luta sig mot och även dekorativ detalj i sovrummet. Leveranstid: 2-6 dagar för sänggavlar i bredd 160 cm. 6-8 veckor för övriga bredder som är beställningsvara. Mått Bredd: 90, [&hellip;]</p>
