{"id":314,"date":"2022-08-24T15:23:10","date_gmt":"2022-08-24T13:23:10","guid":{"rendered":"https:\/\/www.sofforsangar.se\/?post_type=product&#038;p=314"},"modified":"2023-02-13T13:26:58","modified_gmt":"2023-02-13T11:26:58","slug":"edge-sanggavel","status":"publish","type":"product","link":"https:\/\/www.sofforsangar.se\/dk\/vare\/edge-sanggavel\/","title":{"rendered":"Edge Gavel"},"content":{"rendered":"<p>Denne sengegavel er noget specielt, de ekstra sygninger fremh\u00e6ver det lette design.\nGavlen er enkel og meget stilren, men er ogs\u00e5 sk\u00f8n at l\u00e6ne sig imod.<\/p>\n<p>Leveringstid: 8-10 uger<\/p>\n<p><strong>M\u00e5l<\/strong><br \/>\nB: 120<br \/>\nH: 120 cm<br \/>\nTykkelse: 8 cm<\/p>\n<p><strong>Stoffer og farver<\/strong><br \/>\nAdore er en h\u00f8j kvalitet velour.<\/p>\n<p>Edge findes i et v\u00e6lg af farver og materialer.<\/p>\n<p><strong>Lidt fakta:\u00a0\u00a0<\/strong><br \/>\nGavlen er fremstillet af BELLUS.\nKan bestilles i forskellige bredder.<\/p>\n<p><strong>Vedligeholdelses r\u00e5d<\/strong><br \/>\nGavlen kommer i et kolli.<\/p>\n<p>Mulighed for at s\u00e6tte ben p\u00e5.<\/p>\n<p>Vi anbefaler at tilk\u00f8be vores plejeserie. <a href=\"https:\/\/www.sofforsangar.se\/dk\/vare\/sangvard-bed-conditioner\/\">s\u00e4ngv\u00e5rdsprodukter<\/a> for en l\u00e6nger levetid.<\/p>\n<h3>Fandt du ikke lige det du s\u00f8gte.<\/h3>\n<p>Vores butik i centrale Malm\u00f8, byder p\u00e5 masser af inspiration. Her har vi 1000 kvm med sk\u00f8nne m\u00f8bler. Ring eller mail s\u00e5 hj\u00e6lper vi dig.\n0046 40 13 99 11.<\/p>","protected":false},"excerpt":{"rendered":"<p>En mycket vacker och v\u00e4lgjord s\u00e4nggavel med l\u00e4pps\u00f6m i kanterna som trevlig detalj. Ger gaveln ett enkelt men stilrent utseende. Lika dekorativ i sovrummet som praktisk att luta sig mot. Leveranstid: 6-8 veckor M\u00e5tt Bredd: 120, 140, 160,\u00a0180 eller 220\u00a0cm H\u00f6jd: 120 cm Tjocklek: 8 cm Tyg\/F\u00e4rg Adore Petrol Blue Sammet (Prisgr. 5). Kvalitet 100% [&hellip;]<\/p>\n","protected":false},"featured_media":315,"comment_status":"open","ping_status":"closed","template":"","meta":{"_acf_changed":false},"product_brand":[],"product_cat":[42,50],"product_tag":[],"class_list":{"0":"post-314","1":"product","2":"type-product","3":"status-publish","4":"has-post-thumbnail","6":"product_cat-huvudkategori-sangar","7":"product_cat-sanggavlar","8":"product_shipping_class-stora-mobler","10":"first","11":"instock","12":"taxable","13":"shipping-taxable","14":"purchasable","15":"product-type-simple"},"acf":[],"_links":{"self":[{"href":"https:\/\/www.sofforsangar.se\/dk\/wp-json\/wp\/v2\/product\/314","targetHints":{"allow":["GET"]}}],"collection":[{"href":"https:\/\/www.sofforsangar.se\/dk\/wp-json\/wp\/v2\/product"}],"about":[{"href":"https:\/\/www.sofforsangar.se\/dk\/wp-json\/wp\/v2\/types\/product"}],"replies":[{"embeddable":true,"href":"https:\/\/www.sofforsangar.se\/dk\/wp-json\/wp\/v2\/comments?post=314"}],"wp:featuredmedia":[{"embeddable":true,"href":"https:\/\/www.sofforsangar.se\/dk\/wp-json\/wp\/v2\/media\/315"}],"wp:attachment":[{"href":"https:\/\/www.sofforsangar.se\/dk\/wp-json\/wp\/v2\/media?parent=314"}],"wp:term":[{"taxonomy":"product_brand","embeddable":true,"href":"https:\/\/www.sofforsangar.se\/dk\/wp-json\/wp\/v2\/product_brand?post=314"},{"taxonomy":"product_cat","embeddable":true,"href":"https:\/\/www.sofforsangar.se\/dk\/wp-json\/wp\/v2\/product_cat?post=314"},{"taxonomy":"product_tag","embeddable":true,"href":"https:\/\/www.sofforsangar.se\/dk\/wp-json\/wp\/v2\/product_tag?post=314"}],"curies":[{"name":"wp","href":"https:\/\/api.w.org\/{rel}","templated":true}]}}

<p>Denne sengegavel er noget specielt, de ekstra sygninger fremhæver det lette design.
Gavlen er enkel og meget stilren, men er også skøn at læne sig imod.</p>
<p>Leveringstid: 8-10 uger</p>
<p><strong>Mål</strong><br />
B: 120<br />
H: 120 cm<br />
Tykkelse: 8 cm</p>
<p><strong>Stoffer og farver</strong><br />
Adore er en høj kvalitet velour.</p>
<p>Edge findes i et vælg af farver og materialer.</p>
<p><strong>Lidt fakta:  </strong><br />
Gavlen er fremstillet af BELLUS.
Kan bestilles i forskellige bredder.</p>
<p><strong>Vedligeholdelses råd</strong><br />
Gavlen kommer i et kolli.</p>
<p>Mulighed for at sætte ben på.</p>
<p>Vi anbefaler at tilkøbe vores plejeserie. <a href="https://www.sofforsangar.se/dk/vare/sangvard-bed-conditioner/">sängvårdsprodukter</a> for en længer levetid.</p>
<h3>Fandt du ikke lige det du søgte.</h3>
<p>Vores butik i centrale Malmø, byder på masser af inspiration. Her har vi 1000 kvm med skønne møbler. Ring eller mail så hjælper vi dig.
0046 40 13 99 11.</p>

<p>En mycket vacker och välgjord sänggavel med läppsöm i kanterna som trevlig detalj. Ger gaveln ett enkelt men stilrent utseende. Lika dekorativ i sovrummet som praktisk att luta sig mot. Leveranstid: 6-8 veckor Mått Bredd: 120, 140, 160, 180 eller 220 cm Höjd: 120 cm Tjocklek: 8 cm Tyg/Färg Adore Petrol Blue Sammet (Prisgr. 5). Kvalitet 100% [&hellip;]</p>
