{"id":278,"date":"2022-08-23T15:35:11","date_gmt":"2022-08-23T13:35:11","guid":{"rendered":"https:\/\/www.sofforsangar.se\/?post_type=product&#038;p=278"},"modified":"2025-05-25T12:52:55","modified_gmt":"2025-05-25T10:52:55","slug":"colorado-3-sits-soffa","status":"publish","type":"product","link":"https:\/\/www.sofforsangar.se\/dk\/vare\/colorado-3-sits-soffa\/","title":{"rendered":"Colorado 3 personers."},"content":{"rendered":"<p><strong>Colorado er s\u00e5 l\u00e6kker !\u00a0<\/strong>Vores popul\u00e6re er super sk\u00f8n, dejlig faste side og ryg hynder.\nDu kan v\u00e6lge mellem et helt spektra af farver og materialer.\nSofaen er tidsl\u00f8st i sit design, og er ogs\u00e5 super l\u00e6kker i \u00e6gte l\u00e6der.<\/p>\n<p>Leveringstid: 8-10 uger<\/p>\n<p><strong>M\u00e5l<br \/>\n<\/strong>L: 227 cm<br \/>\nD: 102 cm<br \/>\nH: 78 cm<br \/>\nSide h\u00f8jde: 43 cm<br \/>\nSide dybde: 61 cm<br \/>\nBen: 12 cm<br \/>\nM\u00e5lene kan variere op til 3 cm<\/p>\n<p><strong>Materiale og farve:<\/strong><strong>:<\/strong><br \/>\nBull Cognac l\u00e6derlignende (pris gr 7)\nMartindale: 32000\nPiiling: 3-4\nReng\u00f8res med en fugtig klud.<\/p>\n<p>Colorado sofa serien findes i et v\u00e6lg af farver og materialer.<\/p>\n<p><strong>Lidt fakta:<\/strong><br \/>\nProduceres af Bellus.<br \/>\nSidehynder er HR skum, med duntop.<br \/>\nRygghynderne : Best\u00e5r af dun og revet koldskum.<br \/>\n2 stk pyntepuder for en \u00f8get siddekomfort.<br \/>\nRammen p\u00e5 sofaen er massiv tr\u00e6, og Nozag fjeder.<br \/>\nBen i metal.<\/p>\n<p><strong>Vedligeholdelses r\u00e5d<\/strong><br \/>\nDenne sofa kommer i 1 stk kolli, og det er er bare benene som skal skrues p\u00e5.<\/p>\n<p>Vi anbefaler at tilk\u00f8be vores plejeserie. <a href=\"https:\/\/www.sofforsangar.se\/dk\/vare\/textilvard-textile-clean-protect\/\">Plejeserie<\/a> for en l\u00e6nger levetid.<\/p>\n<h3>Fandt du ikke lige det du s\u00f8gte.<\/h3>\n<p>Vores butik i centrale Malm\u00f8, byder p\u00e5 masser af inspiration. Her har vi 1000 kvm med sk\u00f8nne m\u00f8bler. Ring eller mail s\u00e5 hj\u00e6lper vi dig.\n0046 40 13 99 11.<\/p>","protected":false},"excerpt":{"rendered":"<p>Colorado! Gudars, s\u00e5 fin med slimmad design!\u00a0V\u00e5r popul\u00e4ra soffa med sk\u00f6n stil och h\u00e4rligt\u00a0djup i sitsen\u00a0passar f\u00f6r de flesta trevliga aktiviteter. Sitta och umg\u00e5s, slappa f\u00f6r TV-mys, eftermiddagslur, v\u00e4lj sj\u00e4lv &#8211; m\u00e5nga valm\u00f6jligheter. V\u00e4lj mellan\u00a0tokm\u00e5nga kvalitetstyger av manchester, sammet, andra tyger, konstskinn eller skinn.\u00a0V\u00e4lj \u00e4ven\u00a0mellan 2-sits, 3-sits, 4-sits, f\u00e5t\u00f6lj, maxif\u00e5t\u00f6lj och fotpall. Varje modell av [&hellip;]<\/p>\n","protected":false},"featured_media":279,"comment_status":"open","ping_status":"closed","template":"","meta":{"_acf_changed":false},"product_brand":[],"product_cat":[31,34],"product_tag":[],"class_list":{"0":"post-278","1":"product","2":"type-product","3":"status-publish","4":"has-post-thumbnail","6":"product_cat-2-4-sitssoffa","7":"product_cat-huvudkategori-soffor","8":"product_shipping_class-stora-mobler","10":"first","11":"instock","12":"taxable","13":"shipping-taxable","14":"purchasable","15":"product-type-simple"},"acf":[],"_links":{"self":[{"href":"https:\/\/www.sofforsangar.se\/dk\/wp-json\/wp\/v2\/product\/278","targetHints":{"allow":["GET"]}}],"collection":[{"href":"https:\/\/www.sofforsangar.se\/dk\/wp-json\/wp\/v2\/product"}],"about":[{"href":"https:\/\/www.sofforsangar.se\/dk\/wp-json\/wp\/v2\/types\/product"}],"replies":[{"embeddable":true,"href":"https:\/\/www.sofforsangar.se\/dk\/wp-json\/wp\/v2\/comments?post=278"}],"wp:featuredmedia":[{"embeddable":true,"href":"https:\/\/www.sofforsangar.se\/dk\/wp-json\/wp\/v2\/media\/279"}],"wp:attachment":[{"href":"https:\/\/www.sofforsangar.se\/dk\/wp-json\/wp\/v2\/media?parent=278"}],"wp:term":[{"taxonomy":"product_brand","embeddable":true,"href":"https:\/\/www.sofforsangar.se\/dk\/wp-json\/wp\/v2\/product_brand?post=278"},{"taxonomy":"product_cat","embeddable":true,"href":"https:\/\/www.sofforsangar.se\/dk\/wp-json\/wp\/v2\/product_cat?post=278"},{"taxonomy":"product_tag","embeddable":true,"href":"https:\/\/www.sofforsangar.se\/dk\/wp-json\/wp\/v2\/product_tag?post=278"}],"curies":[{"name":"wp","href":"https:\/\/api.w.org\/{rel}","templated":true}]}}

<p><strong>Colorado er så lækker ! </strong>Vores populære er super skøn, dejlig faste side og ryg hynder.
Du kan vælge mellem et helt spektra af farver og materialer.
Sofaen er tidsløst i sit design, og er også super lækker i ægte læder.</p>
<p>Leveringstid: 8-10 uger</p>
<p><strong>Mål<br />
</strong>L: 227 cm<br />
D: 102 cm<br />
H: 78 cm<br />
Side højde: 43 cm<br />
Side dybde: 61 cm<br />
Ben: 12 cm<br />
Målene kan variere op til 3 cm</p>
<p><strong>Materiale og farve:</strong><strong>:</strong><br />
Bull Cognac læderlignende (pris gr 7)
Martindale: 32000
Piiling: 3-4
Rengøres med en fugtig klud.</p>
<p>Colorado sofa serien findes i et vælg af farver og materialer.</p>
<p><strong>Lidt fakta:</strong><br />
Produceres af Bellus.<br />
Sidehynder er HR skum, med duntop.<br />
Rygghynderne : Består af dun og revet koldskum.<br />
2 stk pyntepuder for en øget siddekomfort.<br />
Rammen på sofaen er massiv træ, og Nozag fjeder.<br />
Ben i metal.</p>
<p><strong>Vedligeholdelses råd</strong><br />
Denne sofa kommer i 1 stk kolli, og det er er bare benene som skal skrues på.</p>
<p>Vi anbefaler at tilkøbe vores plejeserie. <a href="https://www.sofforsangar.se/dk/vare/textilvard-textile-clean-protect/">Plejeserie</a> for en længer levetid.</p>
<h3>Fandt du ikke lige det du søgte.</h3>
<p>Vores butik i centrale Malmø, byder på masser af inspiration. Her har vi 1000 kvm med skønne møbler. Ring eller mail så hjælper vi dig.
0046 40 13 99 11.</p>

<p>Colorado! Gudars, så fin med slimmad design! Vår populära soffa med skön stil och härligt djup i sitsen passar för de flesta trevliga aktiviteter. Sitta och umgås, slappa för TV-mys, eftermiddagslur, välj själv &#8211; många valmöjligheter. Välj mellan tokmånga kvalitetstyger av manchester, sammet, andra tyger, konstskinn eller skinn. Välj även mellan 2-sits, 3-sits, 4-sits, fåtölj, maxifåtölj och fotpall. Varje modell av [&hellip;]</p>
